t r be (-40)/(-3) - 8/(-12). Calculate the highest common factor of r and t.
7
Let o be (1 - -22) + 3 + -3. Let u = -8 + o. Calculate the highest common divisor of 60 and u.
15
Suppose -2*r + 3*a + 2 = -180, -2*r - 5*a + 166 = 0. What is the highest common factor of 11 and r?
11
Let q(b) = -b**3 - 6*b**2 + 6*b - 2. Let d be q(-7). Suppose -d*i + 25 = -0*i. Calculate the greatest common factor of i and 20.
5
Suppose -3*w + 0*u - u + 7 = 0, 2*w = 3*u + 1. Suppose w*d + 0*d - 120 = 0. Let v(j) = 8*j. Let x be v(3). Calculate the highest common divisor of d and x.
12
Let o = -18 - -46. Let z(i) = -i - 4. Let q(f) = -f - 1. Let j(m) = 4*q(m) - 2*z(m). Let u be j(-5). What is the highest common divisor of u and o?
14
Let p(s) = -39*s**3 + 2*s + 1. Let n be p(-1). Calculate the greatest common divisor of n and 95.
19
Let h(s) = s**2. Let f be h(2). Suppose 3 = -f*t - 5. Let p be -6*t/2*8. Calculate the highest common divisor of 6 and p.
6
Let l(s) be the second derivative of 4*s**4/3 - s**3/6 - s**2 + 3*s. Let d be l(-1). What is the greatest common factor of 135 and d?
15
Suppose -6*a + 1 = -503. What is the highest common factor of a and 12?
12
Let i be 16 - -6*6/(-18). Calculate the greatest common factor of 112 and i.
14
Let a = 48 - 18. Suppose 20 = 5*x - 4*c, 0 = 5*x - 2*c - 6 - 14. Suppose 9 + 25 = 3*h + 2*z, -x*z + 8 = h. What is the highest common factor of h and a?
6
Suppose 0 = -b + 39 + 26. Suppose 4*d - b = -9. Calculate the highest common factor of d and 35.
7
Let b = -2 + 29. Let t = b - 14. Suppose -187 = -2*m - 31. What is the greatest common divisor of t and m?
13
Let v(g) = g + 3. Let c be v(2). Calculate the greatest common factor of c and 5.
5
Let h(y) = -y**2 + 9*y - 7. Let b be h(6). What is the greatest common factor of 44 and b?
11
Let g be 0 - (243 + -3)/(-3). Let v = 66 + -34. Calculate the highest common divisor of g and v.
16
Let c(j) = j**2 - 10*j - 19. Let h be c(13). Let l(a) = a**3 - 2*a**2 + a + 2. Let z be l(2). Calculate the greatest common factor of h and z.
4
Let h = 24 + -8. Let s(i) = 3*i**2 + 2*i - 2. Let g be s(1). Let q = h - g. What is the greatest common factor of 39 and q?
13
Let l = 7 - -14. Suppose -5*t - 16 = -u, -5*t - 4*u - 15 = l. Let r be t/(-10) - (-174)/15. Calculate the highest common divisor of r and 3.
3
Suppose -j + 4*j - 6996 = 0. Let g be (-4)/(-18) - j/(-36). Suppose 5*x - g = -20. Calculate the highest common factor of x and 27.
9
Let l(b) = -5*b**3 + 2*b**2 - b. Let u be l(1). Let g = u + 6. Suppose 0*q + 3 = g*z - 3*q, -13 = -2*z + q. What is the greatest common divisor of z and 99?
9
Suppose 5*z = 4*z - 5*y + 27, -2*z = -y - 65. What is the greatest common divisor of 48 and z?
16
Let x(s) = -s**2 - 12*s + 4. Let k be x(-12). What is the highest common factor of 28 and k?
4
Let j = 26 - 15. Let c = 108 + -64. What is the greatest common factor of c and j?
11
Suppose 3*t + 37 = 97. Calculate the greatest common factor of t and 4.
4
Suppose -3*t + 20 = 2. Let q(w) = 6*w + 10. Let u(f) = -f - 2. Let l(z) = -2*q(z) - 11*u(z). Let i be l(-7). Calculate the greatest common factor of t and i.
3
Let p be 4 + (-2)/(-1) + 1. Let l = 25 + 45. Calculate the greatest common divisor of p and l.
7
Let s be 0 - (-3 + 1)*3. Suppose s = 2*k - 6. Let v be (-3 - -30)*2 + 0. Calculate the greatest common divisor of k and v.
6
Let q = -8 + 7. Let t be -7*q/((-7)/6). Let l be (-1)/(0 - (-3)/t). Calculate the highest common divisor of l and 1.
1
Suppose -3*d + 90 = -156. Let g be -1 + d*(-3)/(-6). Calculate the highest common factor of 10 and g.
10
Suppose -j + 3*q - q + 13 = 0, 23 = j - 4*q. Suppose 3*f - 2*z = 2*z + 97, -210 = -5*f - j*z. What is the greatest common divisor of f and 13?
13
Let y = 64 - 43. Suppose -y - 39 = -4*j. Let x = -4 + j. Calculate the greatest common factor of 77 and x.
11
Let h = -197 + 287. Let t = 3 - -15. Calculate the highest common factor of t and h.
18
Let u(c) = -c**2 + 8*c - 6. Let n(v) = -2*v. Let t be n(-7). Let i = t - 9. Let h be u(i). What is the greatest common divisor of h and 18?
9
Suppose -5*v = 1 - 36. Let n = -77 - -133. Calculate the highest common factor of n and v.
7
Suppose 2*d - 10 = -4*q, -3*d + 12 = 3*q + 2*q. Let p be -1 + -1 + 5 + 0. Calculate the greatest common divisor of q and p.
3
Let b(l) = l**3 + 7*l**2 - 4*l - 2. Let h be b(-5). What is the greatest common divisor of h and 102?
34
Let s = 5 + -3. Suppose 2*t = t + s. Calculate the greatest common divisor of 10 and t.
2
Let x be (-91)/(-13) - 3*1. Suppose k = -x*q + 36, -3*k + 18 = -q + 4*q. What is the highest common factor of q and 4?
2
Let s be 7 + 3 - -6 - 6. Calculate the greatest common factor of 6 and s.
2
Let o = -6 - -9. Let i be 25 + (-3 - (o + -8)). Calculate the greatest common divisor of i and 189.
27
Let u(k) = -8*k**3 + 3*k**2 + 3*k + 1. Let v be u(-2). Let l = v - -29. What is the greatest common factor of l and 20?
20
Suppose r + 52 = -30. Let h = -340 + 225. Let n = r - h. What is the greatest common divisor of n and 3?
3
Suppose -4*q + 0 = -24. Let d = -58 + 64. Calculate the greatest common factor of d and q.
6
Let t = 17 - 9. What is the greatest common factor of t and 32?
8
Let c be (0 - 1)*0/(-9). Suppose o = -c*o + 165. Calculate the greatest common factor of o and 15.
15
Suppose 2*a - 167 = 9. Let v be (-17 + 5)*(-6)/9. What is the greatest common divisor of v and a?
8
Suppose 230 = 13*m - 8*m. What is the highest common factor of m and 23?
23
Let t(p) = p**2 + 5*p - 2. Let k be t(-6). Calculate the highest common divisor of k and 40.
4
Let j be (-1)/((-140)/68 + 2). Let d = j + -2. What is the greatest common divisor of 105 and d?
15
Let q = 28 - 24. Calculate the highest common factor of 44 and q.
4
Let m(a) = -3*a + 52. Let l be m(10). Calculate the greatest common factor of 44 and l.
22
Let r be (2 + -12)*1/(-2). Suppose -f = 2*z - z - 7, -3*f = -z - r. Calculate the greatest common divisor of 32 and z.
4
Let d be 1/(-1)*(-77)/11. Calculate the highest common divisor of d and 7.
7
Suppose j - c - 171 = -j, 4*j = -4*c + 360. What is the highest common factor of 29 and j?
29
Let f = -45 + 63. Let q be (f/12)/((-6)/(-8)). What is the greatest common factor of q and 2?
2
Suppose -20 + 2 = -2*g. Suppose -o - g + 4 = 0, 0 = 3*i - 4*o - 146. What is the highest common divisor of 7 and i?
7
Let v = 8 + 2. Suppose v = -2*a - 3*a, 2*a = -5*m + 11. Calculate the highest common factor of 3 and m.
3
Suppose 3*o + 2*p = -32, -2 = p - 1. Let b = o - -24. What is the highest common divisor of 28 and b?
14
Suppose 2 = 24*u - 23*u. What is the highest common factor of 18 and u?
2
Suppose 3*j + 142 = 343. Let f = -77 - -117. Let d = j - f. Calculate the greatest common factor of d and 3.
3
Let q be ((-36)/5)/(-4*9/240). What is the greatest common factor of 32 and q?
16
Suppose -t + 94 = 2*n, 3*n + t = 4*t + 123. Let d(a) = 15*a**3 - a**2 + 1. Let c be d(1). Calculate the highest common factor of c and n.
15
Suppose -h + 5*h = 24. What is the highest common divisor of h and 174?
6
Let p be (-16)/5*(-45)/18. Let k = p + -2. Suppose -5*f + 24 = -f. What is the greatest common divisor of k and f?
6
Let f be (-1)/(-3 - (-44)/15). Let c be (-15)/6*(-48)/f. Calculate the greatest common factor of 24 and c.
8
Suppose -g = -5*g + 132. Calculate the greatest common divisor of 132 and g.
33
Let q(x) = 4*x - 3 - x**2 + 10*x + x. Let z be q(6). Suppose 61 = 2*s - z. What is the greatest common divisor of 7 and s?
7
Let f(o) = 4*o**2 + 2*o - 6. Let k be f(3). Calculate the greatest common factor of k and 90.
18
Let q(w) = 5*w**2 - 6*w + 18. Let a(i) = -9*i**2 + 11*i - 35. Let s(h) = -6*a(h) - 11*q(h). Let d be s(0). What is the highest common divisor of 108 and d?
12
Let h = 63 - 3. Let y be -2 + 4 + 76/2. What is the highest common divisor of h and y?
20
Let f = -7 - -11. Let j = 11 - f. Calculate the greatest common factor of 49 and j.
7
Suppose -3 = -m + 1. Suppose 0 = 6*r - m*r - 2. What is the greatest common divisor of 4 and r?
1
Let p = 0 - -1. Suppose -68 = -g - 4*q, q + p = 5. Let c be 462/36 + 3/18. What is the greatest common factor of g and c?
13
Let b be 142/10 + (-2)/10. Let t be 290/b + 8/28. Calculate the highest common factor of 7 and t.
7
Let a be 52 + (-3 + 19)/(-4). Calculate t